
-3
Let a(q) = -11*q**3 - q + 1. Let z be 1/(-9 - -6 - -4). What is a(z)?
-11
Let u be (22/(-3))/((-50)/(-6) - 9). Let r(v) = -v**2 + 13*v. Calculate r(u).
22
Let g(u) = -4*u - 11. Suppose -5*i = 3*n + 81, -n + i = -3*i + 10. Let s(q) = q + 2. Let y(c) = n*s(c) - 4*g(c). What is y(1)?
-6
Suppose 13 = 2*i - 2*a + 5, i + 4*a - 14 = 0. Let z(h) = h**2 - 2*h - 11. Give z(i).
13
Let l(u) be the first derivative of u**4/4 - 4*u**3 + u**2/2 - 16*u - 465. Determine l(12).
-4
Suppose 4*c + 4*j = 0, -6*c + 2*c + j + 15 = 0. Suppose 4*f = -4*v + 4, -2*v + 0*v + c*f = -22. Let i(z) = 9 + 1 - z - 6 - v. What is i(2)?
-3
Let d(h) = -126*h + 4. Let a(m) = 10*m + 1. Let y(t) = 12*a(t) + d(t). Determine y(2).
4
Let l(z) = z**2 - 5*z - 1. Suppose -4*x = p - 11, 2*p + 2*x - 13 = 3*x. Calculate l(p).
13
Let b(q) = 3*q**2 - 22*q - 8. Let r(y) = y**2 - 8*y - 3. Let a(u) = -3*b(u) + 8*r(u). Give a(1).
1
Let l(c) = c + 2. Let u(g) = -g**2 + 9*g - 16. Let h(a) = -3*l(a) - u(a). Give h(5).
-25
Let m(t) be the second derivative of -1/2*t**2 - 5/3*t**3 + 0 + 21*t. Let l(g) = g**3 - 3*g**2 - 1. Let f be l(3). Calculate m(f).
9
Let z(l) = 7*l - 4. Let f(n) = 190*n - 110. Let q(p) = -2*f(p) + 55*z(p). Calculate q(5).
25
Let w = -64 + 89. Suppose -5*f - w = -10. Let a(t) be the third derivative of -t**6/120 - t**5/15 - t**4/8 - 2*t**3/3 - 10*t**2. Calculate a(f).
-4
Suppose -n = -3 + 2. Let w be (-2)/(12/54) + (n - -1). Let v(p) = p**3 + 8*p**2 + 6*p - 9. What is v(w)?
-2
Let g(j) = -105*j. Let r(f) = -27*f. Let y(x) = 4*g(x) - 15*r(x). What is y(-1)?
15
Let g be 2 + 1 - 3*6/45*-5. Let m(d) = -4*d + d - 2*d + d**3 - 3 - 4*d**2. Give m(g).
-3
Let q(s) = 24*s + 13. Let f(t) = -21*t - 11. Let h(z) = -6*f(z) - 5*q(z). Determine h(6).
37
Let x(a) = 3*a + 0*a + 3345 - 3342. Let s(b) = b + 1. Let w(o) = -2*s(o) + x(o). Give w(-2).
-1
Let g(t) = t**2 + 6*t - 6. Suppose z - 5*m = -33 - 1, 0 = 3*z - 3*m + 42. Let j be (-1)/((-6)/4)*z. What is g(j)?
-6
Let t(p) = p**2 + p + 1. Let b(i) = 16*i - 4. Let o be b(4). Let s = o + -60. Determine t(s).
1
Let a(l) = -2*l + 2. Let k(q) = -5*q + 5. Let i(t) = 8*a(t) - 3*k(t). Let c = 421 - 415. Give i(c).
-5
Suppose 0 = -0*p - 2*p - 6. Suppose -5*v + 2*b = b - 1, 0 = 2*v - 4*b - 4. Let i(t) = -2 + v*t + 3 + t. Calculate i(p).
-2
Let h(l) = l**3 - 5*l**2 - 6*l - 5. Suppose -4*f - 5 = -29. What is h(f)?
-5
Let l(t) = t**3 - 3*t**2 + 2*t + 2. Suppose -3*j + 85 = -20. Suppose -j = -5*y - 20. What is l(y)?
8
Let c = 16 - 14. Let i(t) = 3*t - t - t + t - t**c + 4. Determine i(3).
1
Let b(k) = -6*k**2 - 10*k - 4. Let r be ((-2)/(-6))/(950/(-120) + 8). Let m(v) = 14*v**2 + 21*v + 9. Let z(x) = r*m(x) + 9*b(x). Give z(4).
8
Let b be -2 + 1 + 3 + -2. Let i(t) = -4 + 1 + t - 1 + 6. Calculate i(b).
2
Let f(v) be the second derivative of -v**4/12 - 3*v**3/2 + 5*v**2/2 + 110*v + 2. Give f(-7).
19
Let q(m) = 6 + 3*m**2 - 2*m - 1 - 3 + m**3. Suppose -4*h + 16 = -36. Suppose -5*f + 1 = -b + 26, -5*b = 3*f - h. What is q(f)?
-6
Let h(w) = 6*w**3 + w - 2. Let d be h(1). Let p(q) = 3*q**2 - 6*q - 8. Let a(b) = -4*b**2 + 9*b + 12. Let i(n) = d*a(n) + 7*p(n). Calculate i(-3).
4
Let j(u) = -u - 5. Let z = 14 - 4. Suppose -z*a - 35 = -5*a. Give j(a).
2
Suppose 0 = -3*u - 5 - 4. Let b(g) = -3*g**2 - 4*g + 2. Let f(z) = -z**2 + 2. Let n(d) = b(d) - 2*f(d). What is n(u)?
1
Let h be (-6)/(-2)*42/9. Suppose -z = z + h. Let w = z + 3. Let y(j) = j - 1. Give y(w).
-5
Let u(x) = -15*x. Let l(q) = 6*q. Let r(f) = 12*l(f) + 5*u(f). Suppose -4*t = -3*j + 17, -4*t + 3 = -4*j + 23. What is r(t)?
6
Let c(v) be the second derivative of v**4/12 - v**3/6 - 5*v**2/2 + 370*v - 1. Determine c(5).
15
Let f = 47 - 52. Let t(j) = 6*j**3 + 4*j**2 - j - 12. Let q(s) = -s**3 - s**2. Let x(r) = f*q(r) - t(r). Give x(0).
12
Let k(w) = -w. Let o be (4 - (1 + 133)) + (0 - 4). Let q = 130 + o. Give k(q).
4
Suppose 0 = -4*h - 175 + 147. Let p(s) = -2*s - 25. Let q(o) = o + 13. Let j(y) = 6*p(y) + 11*q(y). Let g(v) = 1. Let b(m) = 6*g(m) - j(m). Determine b(h).
6
Let q(y) = -2*y**2 - 8*y + y**3 + 8*y - y - 4 + 6*y. Give q(3).
20
Suppose 0 = d - 4*d. Let p(w) = 2 + w + 0*w + d. Suppose -13*j - 46 = -20. Determine p(j).
0
Let g(h) = h**2 + 1. Suppose -2*c + 6 + 4 = 0. Let u(l) = -4*l**2 - 3. Let k(j) = c*u(j) + 15*g(j). Determine k(1).
-5
Let v(m) be the first derivative of 7*m**2/2 - 6*m + 403. Give v(5).
29
Let z(r) = 5*r**2 + 45*r + 44. Let q be z(-8). Let a(c) be the second derivative of -1/12*c**q + 7/6*c**3 - 3*c + 0 - 1/2*c**2. Calculate a(7).
-1
Let l be -4*((28/(-8))/7)/1. Let x(f) = 3*f - f**3 + 0*f**l + 2*f - 5 + 2 + 3*f**2. What is x(4)?
1
Suppose 3 - 8 = -z. Let n(g) = g**2 - 5*g + 2. Let x be n(z). Let t(q) = 1 + q**3 - 2*q**x + 4*q - 5*q**2 + 2*q**2. Calculate t(3).
-5
Let h(u) = -u**2 - 6*u + 13. Let z be ((2/1)/(-2))/(64/512). What is h(z)?
-3
Let k(o) = 2*o**3 - 9*o**2 + 10*o - 66. Let n be k(5). Let x(z) = z**2 - 5*z - 19. Determine x(n).
17
Let z(h) = 3 - 2 - 2. Let b(q) = q**3 - 19*q**2 - 21*q + 14. Let w be b(20). Let a(o) = -2*o - 4. Let x(m) = w*z(m) + 2*a(m). What is x(-2)?
6
Let k(q) be the first derivative of q**4/4 - 2*q**3 - 5*q**2/2 - 2*q - 40. Determine k(7).
12
Suppose 4*p - 21 + 5 = 4*z, 5*p = -3*z - 12. Suppose 4*k - 644 = -3*k. Let v(x) = -5 + 98*x - k*x + p*x**2 - x**2. What is v(6)?
-5
Let m(v) = -v**2 - 10*v - 21. Suppose -3*q - 11*r + 6*r = 45, -4*r + 8 = -2*q. Calculate m(q).
-21
Let a(i) = -i**3 - 6*i**2 - 3*i - 16. Suppose 2*s = 38*s + 216. Give a(s).
2
Suppose 13 - 85 = -9*q. Let m(x) = x**3 - 2*x**2 - 49*x + 12. Calculate m(q).
4
Let n(l) = 324*l**3 - 6 - 160*l**3 + 6*l**2 - 165*l**3. Calculate n(6).
-6
Let s(y) = y - 4. Let z(u) = 2*u**2 + 17*u - 74. Let p be z(-12). Calculate s(p).
6
Suppose 3*v - 25 = 38. Let t = v - 21. Let o(m) = -5*m + t*m - m. What is o(1)?
-6
Let j(r) = 10*r - 5. Let z(a) = -12*a + 6. Let y(f) = 5*j(f) + 4*z(f). Calculate y(-2).
-5
Let v(k) = 1 - 3194*k**2 + 0*k**3 - k**3 + 3197*k**2 - 4*k + 3*k. Give v(2).
3
Suppose -3*q + 4*l + 21 = -4*q, -5*q + 5*l + 20 = 0. Let z(g) = -9*g**2 + 3*g + 4. Determine z(q).
-8
Let p(f) = -9*f + 1. Let l = -327 + 329. Determine p(l).
-17
Let p(g) = 3*g**3 + g**2 - 2*g. Let u be p(2). Let q = -21 + u. Let f(x) = x + 0*x**3 - 15 + 3*x**q - 2*x**3 + 13. What is f(0)?
-2
Let a = 662 + -662. Let j(c) be the second derivative of -1/20*c**5 + 10*c + 1/4*c**4 + 2*c**2 - 1/3*c**3 + a. Calculate j(3).
-2
Let b(z) = -z**3 - 13*z**2 - 15*z - 16. Suppose 0 = -506*i + 502*i - 48. Calculate b(i).
20
Suppose -5*a - 14 = 3*x - 21, 2*a - 9 = 5*x. Let k = 3 - 0. Let v(c) = 1 - 2*c**3 + c**2 + 5*c**3 - 2*c + k*c. Determine v(x).
-2
Let g(p) = -8*p - 1. Suppose 4*s - 3*s - 2*r - 5 = 0, 3*s - 5*r = 12. Give g(s).
7
Let s(m) = -2 - 2 + 3 + 2 + 3*m. Suppose 3*t - 6 = 6. Suppose -3*z - z + 16 = -t*p, 0 = -p. Determine s(z).
13
Let n(w) = -6*w - 6. Suppose 6*l - 12 = 8*l - 3*u, -5*u = 0. Give n(l).
30
Suppose 44*v - 38*v + 18 = 0. Let d(r) = 2*r**3 + 4*r**2 + 4. Determine d(v).
-14
Let y(j) = 11*j**3 + j**2. Suppose -1 + 31 = -5*u. Let f = 6 - u. Suppose -f*s - 1 = -13*s. Calculate y(s).
12
Let h(g) = -3*g. Let v(b) = b**2 - 6*b + 10. Let s be 110/30 - 2/(-6). Let r be v(s). Determine h(r).
-6
Let c(h) = -1 + 2 + 13*h**3 - 25*h**3 + h + h. Let q(y) = -12*y**3 + y**2 + 3*y + 1. Let b(i) = -3*c(i) + 2*q(i). What is b(-1)?
-11
Suppose -2*r = -7*r. Suppose r = -v + j + 8 + 2, -j - 4 = 0. Let g(l) = -16*l - 6. Let f(m) = -19*m - 7. Let a(x) = 5*f(x) - 6*g(x). Calculate a(v).
7
Let o(a) be the second derivative of -a**5/20 + 2*a**4/3 - 4*a**3/3 - 2*a**2 - 73*a. Calculate o(7).
-11
Let i(b) = -13*b - 18. Let w(p) = 14*p + 26. Let m(j) = 3*i(j) + 2*w(j). Calculate m(1).
-13
Let y(v) be the first derivative of v**4/4 + 8*v**3/3 - 5*v**2 - 13*v - 134. Determine y(-9).
-4
Let w(v) = 0*v**2 - 2*v**2 - 1 + 3*v**2 + v. Let c(y) = 2*y**2 - 3*y - 1. Let i be (5 + -4)/((-14)/42). Let d(l) = i*w(l) + c(l). What is d(-7)?
-5
Let d(u) = -12*u**2 + 873*u**3 + 3 + 3 - 874*u**3 - 8*u + 10. Calculate d(-11).
-17
Let m(c) = -31 + 65 - c**3 - 34 + 7*c + 6*c**2. Give m(7).
0
Let p(d) = 7*d - 4. Let k(a) = -20*a + 13. Let z(i) = 4*k(i) + 11*p(i). Give z(7).
-13
Let s(z) = -4*z - 17. Let y be s(-5). Let b(t) = -7*t - 4*t**2 + y*t**2 - 9*t + 18*t. Determi